ivisor of 19 and 39197.
19
Calculate the greatest common factor of 9730 and 10.
10
Calculate the highest common divisor of 1695 and 60.
15
Calculate the highest common factor of 84 and 357.
21
Calculate the highest common factor of 208 and 17004.
52
What is the highest common divisor of 168 and 24?
24
Calculate the highest common factor of 42 and 1232.
14
Calculate the greatest common divisor of 39 and 312.
39
Calculate the greatest common factor of 144 and 7056.
144
What is the highest common divisor of 198 and 528?
66
What is the greatest common factor of 1696 and 4?
4
Calculate the highest common divisor of 1775 and 1420.
355
Calculate the greatest common divisor of 33 and 561.
33
Calculate the greatest common divisor of 64 and 3552.
32
What is the greatest common factor of 69 and 115?
23
What is the highest common factor of 180 and 260?
20
What is the greatest common factor of 405 and 45?
45
Calculate the greatest common factor of 18 and 15534.
18
Calculate the highest common divisor of 13744 and 16.
16
What is the greatest common factor of 8144 and 16?
16
Calculate the highest common divisor of 22 and 8899.
11
Calculate the greatest common factor of 68 and 1054.
34
What is the greatest common factor of 30 and 555?
15
Calculate the greatest common divisor of 928 and 638.
58
Calculate the greatest common divisor of 70 and 1120.
70
What is the greatest common factor of 51 and 187?
17
What is the highest common factor of 380 and 20?
20
What is the greatest common factor of 255 and 408?
51
Calculate the greatest common factor of 25 and 40.
5
What is the greatest common factor of 181 and 3?
1
Calculate the highest common divisor of 16 and 200.
8
Calculate the greatest common divisor of 8552 and 8.
8
Calculate the highest common factor of 6 and 1842.
6
Calculate the greatest common factor of 8898 and 6.
6
What is the highest common factor of 59 and 1888?
59
Calculate the greatest common factor of 24 and 636.
12
What is the greatest common divisor of 5 and 52?
1
Calculate the greatest common factor of 60 and 100.
20
Calculate the greatest common divisor of 63 and 36.
9
What is the highest common divisor of 6420 and 60?
60
Calculate the highest common factor of 75 and 18225.
75
What is the greatest common factor of 156 and 420?
12
What is the greatest common divisor of 264 and 1298?
22
Calculate the highest common divisor of 1679 and 876.
73
What is the greatest common divisor of 12880 and 80?
80
What is the greatest common divisor of 3388 and 28?
28
What is the highest common divisor of 10 and 85?
5
Calculate the greatest common factor of 97 and 10379.
97
What is the highest common factor of 184 and 5060?
92
Calculate the highest common divisor of 70 and 805.
35
Calculate the highest common factor of 510 and 1734.
102
What is the highest common factor of 84 and 112?
28
Calculate the highest common factor of 23956 and 424.
212
What is the highest common factor of 57 and 627?
57
What is the highest common factor of 490 and 20?
10
Calculate the highest common factor of 25 and 160.
5
Calculate the highest common divisor of 32 and 136.
8
Calculate the greatest common divisor of 150 and 66.
6
Calculate the highest common factor of 104 and 78.
26
Calculate the highest common divisor of 161 and 56.
7
Calculate the highest common divisor of 36 and 984.
12
Calculate the highest common factor of 275 and 1133.
11
Calculate the greatest common factor of 143 and 66.
11
What is the highest common factor of 33 and 6402?
33
Calculate the highest common divisor of 204 and 444.
12
What is the highest common factor of 3431 and 73?
73
What is the greatest common factor of 308 and 132?
44
Calculate the highest common factor of 78 and 9893.
13
What is the highest common factor of 39 and 52?
13
Calculate the greatest common divisor of 1704 and 120.
24
Calculate the highest common divisor of 77 and 1.
1
What is the highest common divisor of 8 and 40?
8
Calculate the highest common factor of 365 and 2117.
73
Calculate the greatest common divisor of 8 and 128.
8
What is the highest common divisor of 104 and 689?
13
What is the greatest common divisor of 50 and 40?
10
Calculate the highest common divisor of 468 and 60.
12
What is the highest common divisor of 6324 and 612?
204
Calculate the greatest common divisor of 305 and 10.
5
Calculate the highest common divisor of 7479 and 27.
27
What is the greatest common factor of 27036 and 36?
36
Calculate the greatest common factor of 61 and 488.
61
What is the highest common factor of 376 and 6?
2
What is the greatest common factor of 8541 and 65?
13
What is the greatest common divisor of 873 and 225?
9
Calculate the greatest common factor of 28 and 217.
7
Calculate the highest common factor of 2125 and 187.
17
What is the greatest common factor of 1 and 70?
1
Calculate the greatest common factor of 24585 and 825.
165
What is the highest common factor of 27 and 2160?
27
Calculate the greatest common factor of 189 and 14.
7
Calculate the greatest common factor of 420 and 168.
84
What is the highest common factor of 44 and 396?
44
Calculate the greatest common factor of 4071 and 69.
69
Calculate the highest common divisor of 132 and 561.
33
Calculate the highest common factor of 312 and 6357.
39
What is the highest common factor of 12 and 37?
1
What is the greatest common factor of 108 and 918?
54
Calculate the greatest common divisor of 140 and 35.
35
Calculate the highest common divisor of 11 and 2959.
11
Calculate the greatest common divisor of 320 and 45.
5
Calculate the greatest common divisor of 93 and 961.
31
What is the greatest common factor of 561 and 204?
51
Calculate the greatest common divisor of 28 and 2366.
14
What is the greatest common divisor of 96 and 720?
48
What is the greatest common factor of 144 and 80?
16
What is the highest common factor of 28 and 469?
7
What is the greatest common divisor of 16 and 688?
16
What is the greatest common divisor of 36 and 48?
12
What is the greatest common divisor of 845 and 910?
65
Calculate the highest common factor of 42 and 12306.
42
What is the greatest common divisor of 16 and 144?
16
What is the greatest common divisor of 46 and 21643?
23
Calculate the greatest common factor of 45 and 171.
9
Calculate the highest common divisor of 640 and 4672.
64
Calculate the highest common divisor of 270 and 198.
18
Calculate the highest common factor of 18 and 2.
2
What is the highest common factor of 50 and 17150?
50
Calculate the greatest common factor of 138 and 92.
46
What is the highest common factor of 111 and 7104?
111
Calculate the greatest common divisor of 176 and 616.
88
What is the greatest common factor of 12173 and 111?
37
Calculate the highest common divisor of 7 and 469.
7
Calculate the greatest common factor of 5018 and 26.
26
Calculate the highest common factor of 8600 and 400.
200
What is the greatest common factor of 21 and 303?
3
What is the highest common divisor of 264 and 48?
24
Calculate the highest common divisor of 8 and 228.
4
What is the highest common divisor of 670 and 30?
10
Calculate the greatest common factor of 1332 and 12.
12
Calculate the greatest common divisor of 276 and 5175.
69
What is the greatest common divisor of 1458 and 36?
18
What is the greatest common factor of 31 and 527?
31
What is the highest common factor of 46 and 69?
23
What is the highest common divisor of 32 and 592?
16
What is the highest common divisor of 3480 and 406?
58
Calculate the greatest common divisor of 51 and 561.
51
What is the greatest common divisor of 20 and 1945?
5
Calculate the greatest common divisor of 20 and 820.
20
Calculate the highest common divisor of 7506 and 54.
54
Calculate the highest common divisor of 156 and 962.
26
What is the greatest common divisor of 546 and 210?
42
What is the greatest common divisor of 1 and 373?
1
What is the highest common factor of 477 and 36?
9
Calculate the highest common divisor of 87 and 1943.
29
What is the highest common factor of 33 and 1782?
33
What is the highest common factor of 2260 and 80?
20
Calculate the greatest common factor of 80 and 100.
20
What is the greatest common divisor of 15 and 1905?
15
Calculate the greatest common factor of 4206 and 3.
3
What is the greatest common factor of 385 and 21?